
140677
List the prime factors of 33191616.
2, 3, 17, 10169
What are the prime factors of 363746?
2, 181873
List the prime factors of 932247.
3, 103583
List the prime factors of 134101.
11, 73, 167
What are the prime factors of 369362?
2, 7, 3769
What are the prime factors of 2241131?
859, 2609
What are the prime factors of 283148?
2, 71, 997
List the prime factors of 101726.
2, 19, 2677
List the prime factors of 5173944.
2, 3, 193, 1117
List the prime factors of 97069.
7, 283
List the prime factors of 88363.
11, 29, 277
List the prime factors of 1243101.
3, 414367
List the prime factors of 421024.
2, 59, 223
What are the prime factors of 4697889?
3, 7, 349, 641
What are the prime factors of 10560266?
2, 23, 173, 1327
What are the prime factors of 311676?
2, 3, 19, 1367
List the prime factors of 1421554.
2, 710777
What are the prime factors of 136700?
2, 5, 1367
What are the prime factors of 491679?
3, 54631
What are the prime factors of 1453563?
3, 161507
What are the prime factors of 5370836?
2, 41, 32749
List the prime factors of 2613701.
2613701
List the prime factors of 447126.
2, 3, 74521
What are the prime factors of 1822928?
2, 113933
What are the prime factors of 692689?
692689
List the prime factors of 115850.
2, 5, 7, 331
List the prime factors of 2563303.
2563303
List the prime factors of 150722.
2, 11, 13, 17, 31
What are the prime factors of 767078?
2, 13, 163, 181
What are the prime factors of 165488?
2, 10343
What are the prime factors of 16781706?
2, 3, 932317
What are the prime factors of 439274?
2, 11, 41, 487
List the prime factors of 71207.
31, 2297
What are the prime factors of 614112?
2, 3, 6397
List the prime factors of 3504254.
2, 13, 53, 2543
What are the prime factors of 3831747?
3, 1277249
List the prime factors of 12296560.
2, 5, 281, 547
List the prime factors of 20419842.
2, 3, 109, 31223
List the prime factors of 257484.
2, 3, 43, 499
List the prime factors of 995393.
7, 53, 2683
List the prime factors of 33828.
2, 3, 2819
List the prime factors of 359069.
359069
List the prime factors of 233854.
2, 116927
What are the prime factors of 27823982?
2, 13911991
What are the prime factors of 1487833?
19, 78307
List the prime factors of 16115745.
3, 5, 17, 63199
List the prime factors of 472910.
2, 5, 19, 131
What are the prime factors of 6554?
2, 29, 113
List the prime factors of 3482177.
23, 101, 1499
List the prime factors of 730275.
3, 5, 7, 13, 107
List the prime factors of 245749.
7, 35107
What are the prime factors of 306566?
2, 13, 907
What are the prime factors of 9891148?
2, 977, 2531
What are the prime factors of 4769933?
7, 681419
What are the prime factors of 514289?
514289
What are the prime factors of 1057146?
2, 3, 176191
List the prime factors of 143029.
281, 509
What are the prime factors of 351527?
11, 31957
What are the prime factors of 84488?
2, 59, 179
What are the prime factors of 360556?
2, 7, 79, 163
List the prime factors of 10177857.
3, 347, 3259
What are the prime factors of 37764248?
2, 19, 59, 4211
What are the prime factors of 671928?
2, 3, 27997
What are the prime factors of 10457560?
2, 5, 261439
What are the prime factors of 40802?
2, 23, 887
List the prime factors of 3807219.
3, 13, 41, 2381
List the prime factors of 9873725.
5, 163, 2423
What are the prime factors of 2723408?
2, 170213
What are the prime factors of 1570273?
17, 92369
List the prime factors of 41158874.
2, 37, 313, 1777
List the prime factors of 4711399.
7, 11, 8741
List the prime factors of 21227195.
5, 11, 107, 3607
What are the prime factors of 364106?
2, 17, 10709
List the prime factors of 86224.
2, 17, 317
What are the prime factors of 860461?
7, 83, 1481
List the prime factors of 209564.
2, 52391
What are the prime factors of 8889320?
2, 5, 11, 89, 227
What are the prime factors of 540708?
2, 3, 7, 41, 157
What are the prime factors of 285211?
73, 3907
What are the prime factors of 583154?
2, 11, 13, 2039
List the prime factors of 3238984.
2, 7, 57839
List the prime factors of 31122.
2, 3, 7, 13, 19
What are the prime factors of 409632?
2, 3, 17, 251
What are the prime factors of 8362118?
2, 4181059
List the prime factors of 28348517.
28348517
What are the prime factors of 15016?
2, 1877
What are the prime factors of 1020726?
2, 3, 7, 8101
What are the prime factors of 4488471?
3, 13, 227
List the prime factors of 182966.
2, 7, 1867
List the prime factors of 327584.
2, 29, 353
List the prime factors of 2101294.
2, 13, 80819
What are the prime factors of 208793?
13, 16061
List the prime factors of 18869.
18869
List the prime factors of 1144022.
2, 11, 149, 349
List the prime factors of 4598845.
5, 919769
What are the prime factors of 377115?
3, 5, 31, 811
List the prime factors of 8721258.
2, 3, 7, 13, 15973
List the prime factors of 2516675.
5, 7, 73, 197
List the prime factors of 299711.
299711
List the prime factors of 11720613.
3, 1091, 3581
What are the prime factors of 1900257?
3, 47, 13477
List the prime factors of 16797420.
2, 3, 5, 93319
List the prime factors of 354.
2, 3, 59
What are the prime factors of 2237325?
3, 5, 23, 1297
What are the prime factors of 3223943?
3223943
List the prime factors of 958873.
19, 109, 463
List the prime factors of 169953.
3, 7, 8093
What are the prime factors of 156239?
23, 6793
What are the prime factors of 30554001?
3, 449, 7561
What are the prime factors of 205824?
2, 3, 67
List the prime factors of 1487894.
2, 743947
List the prime factors of 136010.
2, 5, 7, 29, 67
What are the prime factors of 1047604?
2, 23, 59, 193
What are the prime factors of 14329363?
19, 43, 17539
What are the prime factors of 864049?
864049
What are the prime factors of 13205205?
3, 5, 13, 22573
What are the prime factors of 24424697?
11, 97, 2081
List the prime factors of 186789.
3, 19, 29, 113
List the prime factors of 2738032.
2, 11, 47, 331
List the prime factors of 718765.
5, 29, 4957
List the prime factors of 26029.
26029
What are the prime factors of 580909?
7, 31, 2677
List the prime factors of 24709947.
3, 8236649
List the prime factors of 4725476.
2, 7, 71, 2377
List the prime factors of 958609.
958609
List the prime factors of 606134.
2, 37, 8191
What are the prime factors of 185972?
2, 19, 2447
List the prime factors of 233469.
3, 8647
List the prime factors of 3300952.
2, 412619
List the prime factors of 2338739.
13, 179903
What are the prime factors of 1164630?
2, 3, 5, 38821
What are the prime factors of 778756?
2, 11, 1609
What are the prime factors of 941119?
941119
List the prime factors of 580660.
2, 5, 29033
List the prime factors of 1721695.
5, 149, 2311
List the prime factors of 13798475.
5, 17, 32467
List the prime factors of 5563887.
3, 7, 53, 4999
What are the prime factors of 217090?
2, 5, 17, 1277
List the prime factors of 5620324.
2, 239, 5879
List the prime factors of 986297.
13, 75869
List the prime factors of 1546291.
1546291
List the prime factors of 13023930.
2, 3, 5, 19, 73, 313
What are the prime factors of 8760902?
2, 149, 29399
What are the prime factors of 956112?
2, 3, 19919
List the prime factors of 299257.
7, 42751
What are the prime factors of 67033?
67033
List the prime factors of 2280127.
2280127
What are the prime factors of 148319?
71, 2089
List the prime factors of 5531688.
2, 3, 76829
What are the prime factors of 514450?
2, 5, 10289
What are the prime factors of 1161591?
3, 387197
List the prime factors of 163813.
13, 12601
List the prime factors of 4083876.
2, 3, 17, 6673
List the prime factors of 658294.
2, 7, 13, 3617
What are the prime factors of 4817681?
11, 17, 25763
What are the prime factors of 117959?
117959
List the prime factors of 367267.
281, 1307
List the prime factors of 113448.
2, 3, 29, 163
List the prime factors of 4348573.
37, 117529
List the prime factors of 2517643.
587, 4289
What are the prime factors of 2109001?
317, 6653
List the prime factors of 579357.
3, 64373
List the prime factors of 347532.
2, 3, 28961
What are the prime factors of 908581?
908581
List the prime factors of 413856.
2, 3, 479
List the prime factors of 6695787.
3, 7, 61, 5227
List the prime factors of 17113985.
5, 7, 17, 587
What are the prime factors of 528044?
2, 11, 1091
What are the prime factors of 16340793?
3, 7, 337, 2309
List the prime f